{"id":1185,"date":"2024-12-13T16:43:38","date_gmt":"2024-12-13T16:43:38","guid":{"rendered":"https:\/\/www.die-blockhausbauer-aus-franken.de\/?page_id=1185"},"modified":"2025-02-17T17:20:33","modified_gmt":"2025-02-17T17:20:33","slug":"1185-2","status":"publish","type":"page","link":"https:\/\/www.die-blockhausbauer-aus-franken.de\/?page_id=1185","title":{"rendered":"Blockhausbau-Kurs"},"content":{"rendered":"\n  \n    \n    <section class=\"u-clearfix u-image u-section-2\" id=\"carousel_1dc7\" style=\"background-image: url(&quot;https:\/\/www.die-blockhausbauer-aus-franken.de\/wp-content\/uploads\/2024\/12\/grafik-150x141-2.png&quot;);\">\n      <div class=\"u-clearfix u-sheet u-valign-bottom-lg u-valign-bottom-md u-valign-bottom-sm u-valign-bottom-xl u-sheet-1\">\n        <h2 class=\"u-align-center u-custom-font u-font-open-sans u-text u-text-default-lg u-text-default-md u-text-default-sm u-text-default-xl u-text-1\">Bilder von unserem letzten Kurs <\/h2>\n        <div class=\"u-expanded-width u-list u-list-1\">\n          <div class=\"u-repeater u-repeater-1\">\n            <div class=\"u-container-align-center-sm u-container-align-center-xs u-container-style u-custom-item u-grey-5 u-list-item u-radius u-repeater-item u-shape-round u-list-item-1\">\n              <div class=\"u-container-layout u-similar-container u-valign-bottom u-container-layout-1\">\n                <p class=\"u-text u-text-default u-text-2\"> Die erste Stammlage wird mit der Blockbands\u00e4ge vorbereitet. Diese&nbsp;<br>braucht drei St\u00e4mme.&nbsp;Ein Stamm wird mittig getrennt. Bei den&nbsp;zwei anderen 1\/3 abgenommen.&nbsp;Mit dieser Schnittf\u00fchrung wird das unter der Stammseite bearbeitet.<br>\n                <\/p>\n                <img decoding=\"async\" class=\"u-image u-image-round u-radius u-image-1\" src=\"https:\/\/www.die-blockhausbauer-aus-franken.de\/wp-content\/uploads\/2025\/02\/WhatsAppBild2025-02-15um15.13.49_1b95772d.jpg\" alt=\"\" data-image-width=\"1536\" data-image-height=\"2048\">\n              <\/div>\n            <\/div>\n            <div class=\"u-container-align-center-sm u-container-align-center-xs u-container-style u-custom-item u-grey-5 u-list-item u-radius u-repeater-item u-shape-round u-list-item-2\">\n              <div class=\"u-container-layout u-similar-container u-valign-bottom u-container-layout-2\">\n                <p class=\"u-text u-text-default u-text-3\"> Die erste Lage St\u00e4mme ist gesetzt, in der Waage auf flexiblen Fundamenten.<br>Im Vordergrund die Auflager zum bearbeiten der St\u00e4mme.<br>\n                  <br>\n                  <br>\n                  <br>\n                <\/p>\n                <img decoding=\"async\" class=\"u-image u-image-round u-radius u-image-2\" src=\"https:\/\/www.die-blockhausbauer-aus-franken.de\/wp-content\/uploads\/2024\/12\/IMG-20241213-WA0006.jpg\" alt=\"\" data-image-width=\"1200\" data-image-height=\"1600\">\n              <\/div>\n            <\/div>\n            <div class=\"u-container-align-center-sm u-container-align-center-xs u-container-style u-custom-item u-grey-5 u-list-item u-radius u-repeater-item u-shape-round u-list-item-3\">\n              <div class=\"u-container-layout u-similar-container u-valign-bottom u-container-layout-3\">\n                <p class=\"u-text u-text-default u-text-4\"> Die erste Lage St\u00e4mme ist gesetzt, in der Waage auf flexiblen Fundamenten.<br>Im Vordergrund die Auflager zum bearbeiten der St\u00e4mme.<br>\n                  <br>\n                  <br>\n                  <br>\n                <\/p>\n                <img decoding=\"async\" class=\"u-image u-image-round u-radius u-image-3\" src=\"https:\/\/www.die-blockhausbauer-aus-franken.de\/wp-content\/uploads\/2024\/12\/IMG-20241213-WA0006.jpg\" alt=\"\" data-image-width=\"1200\" data-image-height=\"1600\">\n              <\/div>\n            <\/div>\n            <div class=\"u-container-align-center-sm u-container-align-center-xs u-container-style u-custom-item u-grey-5 u-list-item u-radius u-repeater-item u-shape-round u-list-item-4\">\n              <div class=\"u-container-layout u-similar-container u-valign-bottom u-container-layout-4\">\n                <p class=\"u-text u-text-default u-text-5\"> Der Sattel des Stammes mit der Kerve wird nach dem Schnitt mit der Motors\u00e4ge sauber glatt geschliffen.<br>\n                  <br>\n                  <br>\n                  <br>\n                <\/p>\n                <img decoding=\"async\" class=\"u-image u-image-round u-radius u-image-4\" src=\"https:\/\/www.die-blockhausbauer-aus-franken.de\/wp-content\/uploads\/2024\/12\/IMG-20241213-WA0005.jpg\" alt=\"\" data-image-width=\"1200\" data-image-height=\"1600\">\n              <\/div>\n            <\/div>\n            <div class=\"u-container-align-center-sm u-container-align-center-xs u-container-style u-custom-item u-grey-5 u-list-item u-radius u-repeater-item u-shape-round u-list-item-5\">\n              <div class=\"u-container-layout u-similar-container u-valign-bottom u-container-layout-5\">\n                <p class=\"u-text u-text-default u-text-6\"> Nach zwei \u00dcbungstagen sieht es so aus.<br>\n                  <br>\n                  <br>\n                  <br>\n                  <br>\n                <\/p>\n                <img decoding=\"async\" class=\"u-image u-image-round u-radius u-image-5\" src=\"https:\/\/www.die-blockhausbauer-aus-franken.de\/wp-content\/uploads\/2024\/12\/IMG-20241213-WA0003.jpg\" alt=\"\" data-image-width=\"1200\" data-image-height=\"1600\">\n              <\/div>\n            <\/div>\n            <div class=\"u-container-align-center-sm u-container-align-center-xs u-container-style u-custom-item u-grey-5 u-list-item u-radius u-repeater-item u-shape-round u-list-item-6\">\n              <div class=\"u-container-layout u-similar-container u-valign-bottom u-container-layout-6\">\n                <p class=\"u-text u-text-default u-text-7\"> Ein Stamm ausgearbeitet mit Teilnehmern unseres Kurses.<br>Alle Schnitte wurden mit der Motors\u00e4ge hergestellt.<br>\n                  <br>\n                  <br>\n                <\/p>\n                <img decoding=\"async\" class=\"u-image u-image-round u-radius u-image-6\" src=\"https:\/\/www.die-blockhausbauer-aus-franken.de\/wp-content\/uploads\/2024\/12\/IMG-20241213-WA0004.jpg\" alt=\"\" data-image-width=\"1200\" data-image-height=\"1600\">\n              <\/div>\n            <\/div>\n            <div class=\"u-container-align-center-sm u-container-align-center-xs u-container-style u-custom-item u-grey-5 u-list-item u-radius u-repeater-item u-shape-round u-list-item-7\">\n              <div class=\"u-container-layout u-similar-container u-valign-bottom u-container-layout-7\">\n                <p class=\"u-text u-text-default u-text-8\"> Pr\u00e4zises abh\u00e4ngen des Stamms f\u00fcr kurz, lang, kurz Eckausbildung.<br>\n                  <br>\n                  <br>\n                  <br>\n                  <br>\n                  <br>\n                <\/p>\n                <img decoding=\"async\" class=\"u-image u-image-round u-radius u-image-7\" src=\"https:\/\/www.die-blockhausbauer-aus-franken.de\/wp-content\/uploads\/2025\/02\/WhatsAppBild2025-02-15um15.25.01_f9f3f1df.jpg\" alt=\"\" data-image-width=\"1536\" data-image-height=\"2048\">\n              <\/div>\n            <\/div>\n            <div class=\"u-container-align-center-sm u-container-align-center-xs u-container-style u-custom-item u-grey-5 u-list-item u-radius u-repeater-item u-shape-round u-list-item-8\">\n              <div class=\"u-container-layout u-similar-container u-valign-bottom u-container-layout-8\">\n                <p class=\"u-text u-text-default u-text-9\"> Ihr seht, das Blockhaus macht Fortschritte.<br>\n                  <br>\n                  <br>\n                  <br>\n                  <br>\n                  <br>\n                <\/p>\n                <img decoding=\"async\" class=\"u-image u-image-round u-radius u-image-8\" src=\"https:\/\/www.die-blockhausbauer-aus-franken.de\/wp-content\/uploads\/2025\/02\/WhatsAppBild2025-02-15um15.20.17_18022e1d.jpg\" alt=\"\" data-image-width=\"1536\" data-image-height=\"2048\">\n              <\/div>\n            <\/div>\n            <div class=\"u-container-align-center-sm u-container-align-center-xs u-container-style u-custom-item u-grey-5 u-list-item u-radius u-repeater-item u-shape-round u-list-item-9\">\n              <div class=\"u-container-layout u-similar-container u-valign-bottom u-container-layout-9\">\n                <p class=\"u-text u-text-default u-text-10\"> Auch so was kann man herstellen. Ein sch\u00f6nes Geschenk.<br>\n                  <br>\n                  <br>\n                  <br>\n                  <br>\n                  <br>\n                <\/p>\n                <img decoding=\"async\" class=\"u-image u-image-round u-radius u-image-9\" src=\"https:\/\/www.die-blockhausbauer-aus-franken.de\/wp-content\/uploads\/2024\/12\/IMG-20241213-WA0002.jpg\" alt=\"\" data-image-width=\"1200\" data-image-height=\"1600\">\n              <\/div>\n            <\/div>\n          <\/div>\n        <\/div>\n      <\/div>\n    <\/section>\n    \n    \n    \n  \n","protected":false},"excerpt":{"rendered":"<p>Bilder von unserem letzten Kurs Die erste Stammlage wird mit der Blockbands\u00e4ge vorbereitet. Diese&nbsp;braucht drei St\u00e4mme.&nbsp;Ein Stamm wird mittig getrennt. Bei den&nbsp;zwei anderen 1\/3 abgenommen.&nbsp;Mit dieser Schnittf\u00fchrung wird das unter der Stammseite bearbeitet. Die erste Lage St\u00e4mme ist gesetzt, in der Waage auf flexiblen Fundamenten.Im Vordergrund die Auflager zum bearbeiten der St\u00e4mme. Die erste Lage &hellip; <a href=\"https:\/\/www.die-blockhausbauer-aus-franken.de\/?page_id=1185\" class=\"more-link\">Continue reading<span class=\"screen-reader-text\"> &#8222;Blockhausbau-Kurs&#8220;<\/span><\/a><\/p>\n","protected":false},"author":1,"featured_media":0,"parent":0,"menu_order":0,"comment_status":"closed","ping_status":"closed","template":"","meta":{"footnotes":""},"class_list":["post-1185","page","type-page","status-publish","hentry"],"_links":{"self":[{"href":"https:\/\/www.die-blockhausbauer-aus-franken.de\/index.php?rest_route=\/wp\/v2\/pages\/1185","targetHints":{"allow":["GET"]}}],"collection":[{"href":"https:\/\/www.die-blockhausbauer-aus-franken.de\/index.php?rest_route=\/wp\/v2\/pages"}],"about":[{"href":"https:\/\/www.die-blockhausbauer-aus-franken.de\/index.php?rest_route=\/wp\/v2\/types\/page"}],"author":[{"embeddable":true,"href":"https:\/\/www.die-blockhausbauer-aus-franken.de\/index.php?rest_route=\/wp\/v2\/users\/1"}],"replies":[{"embeddable":true,"href":"https:\/\/www.die-blockhausbauer-aus-franken.de\/index.php?rest_route=%2Fwp%2Fv2%2Fcomments&post=1185"}],"version-history":[{"count":16,"href":"https:\/\/www.die-blockhausbauer-aus-franken.de\/index.php?rest_route=\/wp\/v2\/pages\/1185\/revisions"}],"predecessor-version":[{"id":1383,"href":"https:\/\/www.die-blockhausbauer-aus-franken.de\/index.php?rest_route=\/wp\/v2\/pages\/1185\/revisions\/1383"}],"wp:attachment":[{"href":"https:\/\/www.die-blockhausbauer-aus-franken.de\/index.php?rest_route=%2Fwp%2Fv2%2Fmedia&parent=1185"}],"curies":[{"name":"wp","href":"https:\/\/api.w.org\/{rel}","templated":true}]}}