{"id":1230,"date":"2024-12-15T17:34:44","date_gmt":"2024-12-15T17:34:44","guid":{"rendered":"https:\/\/www.die-blockhausbauer-aus-franken.de\/?page_id=1230"},"modified":"2024-12-18T17:36:21","modified_gmt":"2024-12-18T17:36:21","slug":"vibrationen-gegen-schaedlinge","status":"publish","type":"page","link":"https:\/\/www.die-blockhausbauer-aus-franken.de\/?page_id=1230","title":{"rendered":"Vibrationen gegen Sch\u00e4dlinge"},"content":{"rendered":"\n  \n    \n    <section class=\"u-align-center u-clearfix u-container-align-center u-gradient u-image u-section-2\" id=\"carousel_c89d\" style=\"background-image: url(&quot;https:\/\/www.die-blockhausbauer-aus-franken.de\/wp-content\/uploads\/2024\/12\/grafik-150x141-2.png&quot;), linear-gradient(rgb(233, 242, 250), rgb(233, 242, 250));\">\n      <div class=\"u-clearfix u-sheet u-sheet-1\">\n        <div class=\"data-layout-selected u-clearfix u-expanded-width-md u-expanded-width-sm u-expanded-width-xs u-gutter-30 u-layout-wrap u-layout-wrap-1\">\n          <div class=\"u-layout\">\n            <div class=\"u-layout-row\">\n              <div class=\"u-container-style u-gradient u-layout-cell u-radius u-right-cell u-shape-round u-size-17-lg u-size-17-xl u-size-60-md u-size-60-sm u-size-60-xs u-layout-cell-1\" data-animation-name=\"customAnimationIn\" data-animation-duration=\"1400\" data-animation-delay=\"400\">\n                <div class=\"u-container-layout u-valign-bottom-md u-valign-bottom-sm u-container-layout-1\">\n                  <p class=\"u-text u-text-1\">BIO Sch\u00e4dlings-Eleminator (BSE)<\/p>\n                  <img decoding=\"async\" class=\"custom-expanded u-image u-image-round u-radius u-image-1\" src=\"https:\/\/www.die-blockhausbauer-aus-franken.de\/wp-content\/uploads\/2024\/12\/Elemenator.png\" data-image-width=\"1160\" data-image-height=\"948\">\n                  <p class=\"u-text u-text-2\"> Spezielle Schwingungen st\u00f6ren den biologischen Wach- und Schlafrhythmus der Sch\u00e4dlinge<\/p>\n                <\/div>\n              <\/div>\n              <div class=\"u-container-style u-layout-cell u-left-cell u-palette-1-light-3 u-radius u-shape-round u-size-43-lg u-size-43-xl u-size-60-md u-size-60-sm u-size-60-xs u-layout-cell-2\" data-animation-name=\"customAnimationIn\" data-animation-duration=\"1500\" data-animation-delay=\"500\" data-href=\"#\">\n                <div class=\"u-container-layout u-container-layout-2\">\n                  <h2 class=\"u-align-center u-text u-text-default u-text-3\">\n                    <span style=\"font-size: 2.25rem;\">Mit Vibrationen<\/span>&nbsp;<br>gegen&nbsp;<br>\n                    <span style=\"font-size: 3rem;\">Holzsch\u00e4dlinge<\/span>\n                    <br>\n                  <\/h2>\n                  <p class=\"u-align-left u-text u-text-4\">Unbemerkter Sch\u00e4dlingsbefall durch Holz- und Bohrw\u00fcrmer............\u200b...............<\/p>\n                <\/div>\n              <\/div>\n            <\/div>\n          <\/div>\n        <\/div>\n      <\/div>\n    <\/section>\n    \n    \n    \n    \n  \n","protected":false},"excerpt":{"rendered":"<p>BIO Sch\u00e4dlings-Eleminator (BSE) Spezielle Schwingungen st\u00f6ren den biologischen Wach- und Schlafrhythmus der Sch\u00e4dlinge Mit Vibrationen&nbsp;gegen&nbsp; Holzsch\u00e4dlinge Unbemerkter Sch\u00e4dlingsbefall durch Holz- und Bohrw\u00fcrmer&#8230;&#8230;&#8230;&#8230;\u200b&#8230;&#8230;&#8230;&#8230;&#8230;<\/p>\n","protected":false},"author":1,"featured_media":0,"parent":0,"menu_order":0,"comment_status":"closed","ping_status":"closed","template":"","meta":{"footnotes":""},"class_list":["post-1230","page","type-page","status-publish","hentry"],"_links":{"self":[{"href":"https:\/\/www.die-blockhausbauer-aus-franken.de\/index.php?rest_route=\/wp\/v2\/pages\/1230","targetHints":{"allow":["GET"]}}],"collection":[{"href":"https:\/\/www.die-blockhausbauer-aus-franken.de\/index.php?rest_route=\/wp\/v2\/pages"}],"about":[{"href":"https:\/\/www.die-blockhausbauer-aus-franken.de\/index.php?rest_route=\/wp\/v2\/types\/page"}],"author":[{"embeddable":true,"href":"https:\/\/www.die-blockhausbauer-aus-franken.de\/index.php?rest_route=\/wp\/v2\/users\/1"}],"replies":[{"embeddable":true,"href":"https:\/\/www.die-blockhausbauer-aus-franken.de\/index.php?rest_route=%2Fwp%2Fv2%2Fcomments&post=1230"}],"version-history":[{"count":7,"href":"https:\/\/www.die-blockhausbauer-aus-franken.de\/index.php?rest_route=\/wp\/v2\/pages\/1230\/revisions"}],"predecessor-version":[{"id":1302,"href":"https:\/\/www.die-blockhausbauer-aus-franken.de\/index.php?rest_route=\/wp\/v2\/pages\/1230\/revisions\/1302"}],"wp:attachment":[{"href":"https:\/\/www.die-blockhausbauer-aus-franken.de\/index.php?rest_route=%2Fwp%2Fv2%2Fmedia&parent=1230"}],"curies":[{"name":"wp","href":"https:\/\/api.w.org\/{rel}","templated":true}]}}